{"id":1888,"date":"2022-01-04T18:18:18","date_gmt":"2022-01-04T18:18:18","guid":{"rendered":"http:\/\/www.mareike-enghusen.de\/?page_id=1888"},"modified":"2023-03-29T17:17:14","modified_gmt":"2023-03-29T17:17:14","slug":"portraits","status":"publish","type":"page","link":"http:\/\/www.mareike-enghusen.de\/?page_id=1888","title":{"rendered":"Portraits"},"content":{"rendered":"<h3><strong>Anstand der Aufst\u00e4ndigen<\/strong><\/h3>\n<p>Ausgerechnet der Chef einer rechten Siedlerpartei f\u00fchrt die bunteste Koalition in der Geschichte Israels an.<br \/>\n<a href=\"https:\/\/magazin.zenith.me\/de\/politik\/israels-premier-naftali-bennett-0\" target=\"_blank\" rel=\"noopener noreferrer\">Zenith, 12\/2021<\/a><\/p>\n<h3><strong>Der Unbestechliche <\/strong><\/h3>\n<p>Er bezeichnet seine Aufgabe als \u201eheilig\u201c: Der libanesische Richter Tarek Bitar soll die verheerende Explosion am Beiruter Hafen aufkl\u00e4ren \u2013 und macht sich dabei viele Feinde. Wie lange kann Bitar durchhalten?<br \/>\n<a href=\"https:\/\/www.cicero.de\/comment\/285802\" target=\"_blank\" rel=\"noopener noreferrer\">Cicero, 10\/2021<\/a><\/p>\n<h3><strong>Macho mit Fort\u00fcne  <\/strong><\/h3>\n<p>Israels Au\u00dfenminister Jair Lapid wurde lange als Sch\u00f6nling ohne Tiefgang verspottet \u2013 bis ihm jetzt die Regierungsbildung mit einer schier unglaublichen Koalition gelang.<br \/>\n<a href=\"https:\/\/www.cicero.de\/aussenpolitik\/israels-aussenminister-jair-lapid-macho-mit-fortune\/plus\" target=\" _blank\" rel=\"noopener noreferrer\">Cicero, 08\/2021<\/a><\/p>\n<h3><strong>Der Sto\u00dfd\u00e4mpfer<\/strong><\/h3>\n<p>\u00bbDer Pr\u00e4sident muss in schwierigen Zeiten als Wegweiser und sozialer Sto\u00dfd\u00e4mpfer dienen\u00ab, sagte Reuven Rivlin einmal \u00fcber das Amt des israelischen Pr\u00e4sidenten, das er sieben Jahre lang hielt. Nun gab er es ab. Wie viel Wegweiser, wie viel Sto\u00dfd\u00e4mpfer steckte in dem Pr\u00e4sidenten Reuven Rivlin?<br \/>\n<a href=\"https:\/\/www.juedische-allgemeine.de\/israel\/der-stossdaempfer\/\" target=\"_blank\" rel=\"noopener noreferrer\">J\u00fcdische Allgemeine, 07\/2021<\/a><\/p>\n<h3><strong>Genie auf Abruf <\/strong><\/h3>\n<p>Israels Ministerpr\u00e4sident Benjamin Netanjahu hat durch den Friedensschluss mit Bahrain, den Emiraten und Sudan eine Glanzleistung vollbracht \u2013 und steht dennoch in der Kritik.<br \/>\n<a href=\"https:\/\/www.cicero.de\/aussenpolitik\/benjamin-netanjahu-genie-abruf-israel-ministerpraesident\/plus\" target=\"_blank\" rel=\"noopener noreferrer\">Cicero, 12\/2020<\/a><\/p>\n<p><strong>Weitere Artikel finden Sie auf <a href=\"https:\/\/www.torial.com\/mareike.enghusen\" target=\"_blank\" rel=\"noopener noreferrer\">Torial<\/a>.<\/strong><\/p>\n","protected":false},"excerpt":{"rendered":"<p>Anstand der Aufst\u00e4ndigen Ausgerechnet der Chef einer rechten Siedlerpartei f\u00fchrt die bunteste Koalition in der Geschichte Israels an. Zenith, 12\/2021 Der Unbestechliche Er bezeichnet seine Aufgabe als \u201eheilig\u201c:&#8230;<\/p>\n","protected":false},"author":1,"featured_media":0,"parent":0,"menu_order":0,"comment_status":"closed","ping_status":"closed","template":"","meta":{"footnotes":"","_links_to":"","_links_to_target":""},"class_list":["post-1888","page","type-page","status-publish","hentry"],"_links":{"self":[{"href":"http:\/\/www.mareike-enghusen.de\/index.php?rest_route=\/wp\/v2\/pages\/1888"}],"collection":[{"href":"http:\/\/www.mareike-enghusen.de\/index.php?rest_route=\/wp\/v2\/pages"}],"about":[{"href":"http:\/\/www.mareike-enghusen.de\/index.php?rest_route=\/wp\/v2\/types\/page"}],"author":[{"embeddable":true,"href":"http:\/\/www.mareike-enghusen.de\/index.php?rest_route=\/wp\/v2\/users\/1"}],"replies":[{"embeddable":true,"href":"http:\/\/www.mareike-enghusen.de\/index.php?rest_route=%2Fwp%2Fv2%2Fcomments&post=1888"}],"version-history":[{"count":10,"href":"http:\/\/www.mareike-enghusen.de\/index.php?rest_route=\/wp\/v2\/pages\/1888\/revisions"}],"predecessor-version":[{"id":2415,"href":"http:\/\/www.mareike-enghusen.de\/index.php?rest_route=\/wp\/v2\/pages\/1888\/revisions\/2415"}],"wp:attachment":[{"href":"http:\/\/www.mareike-enghusen.de\/index.php?rest_route=%2Fwp%2Fv2%2Fmedia&parent=1888"}],"curies":[{"name":"wp","href":"https:\/\/api.w.org\/{rel}","templated":true}]}}

<h3><strong>Anstand der Aufständigen</strong></h3>
<p>Ausgerechnet der Chef einer rechten Siedlerpartei führt die bunteste Koalition in der Geschichte Israels an.<br />
<a href="https://magazin.zenith.me/de/politik/israels-premier-naftali-bennett-0" target="_blank" rel="noopener noreferrer">Zenith, 12/2021</a></p>
<h3><strong>Der Unbestechliche </strong></h3>
<p>Er bezeichnet seine Aufgabe als „heilig“: Der libanesische Richter Tarek Bitar soll die verheerende Explosion am Beiruter Hafen aufklären – und macht sich dabei viele Feinde. Wie lange kann Bitar durchhalten?<br />
<a href="https://www.cicero.de/comment/285802" target="_blank" rel="noopener noreferrer">Cicero, 10/2021</a></p>
<h3><strong>Macho mit Fortüne  </strong></h3>
<p>Israels Außenminister Jair Lapid wurde lange als Schönling ohne Tiefgang verspottet – bis ihm jetzt die Regierungsbildung mit einer schier unglaublichen Koalition gelang.<br />
<a href="https://www.cicero.de/aussenpolitik/israels-aussenminister-jair-lapid-macho-mit-fortune/plus" target=" _blank" rel="noopener noreferrer">Cicero, 08/2021</a></p>
<h3><strong>Der Stoßdämpfer</strong></h3>
<p>»Der Präsident muss in schwierigen Zeiten als Wegweiser und sozialer Stoßdämpfer dienen«, sagte Reuven Rivlin einmal über das Amt des israelischen Präsidenten, das er sieben Jahre lang hielt. Nun gab er es ab. Wie viel Wegweiser, wie viel Stoßdämpfer steckte in dem Präsidenten Reuven Rivlin?<br />
<a href="https://www.juedische-allgemeine.de/israel/der-stossdaempfer/" target="_blank" rel="noopener noreferrer">Jüdische Allgemeine, 07/2021</a></p>
<h3><strong>Genie auf Abruf </strong></h3>
<p>Israels Ministerpräsident Benjamin Netanjahu hat durch den Friedensschluss mit Bahrain, den Emiraten und Sudan eine Glanzleistung vollbracht – und steht dennoch in der Kritik.<br />
<a href="https://www.cicero.de/aussenpolitik/benjamin-netanjahu-genie-abruf-israel-ministerpraesident/plus" target="_blank" rel="noopener noreferrer">Cicero, 12/2020</a></p>
<p><strong>Weitere Artikel finden Sie auf <a href="https://www.torial.com/mareike.enghusen" target="_blank" rel="noopener noreferrer">Torial</a>.</strong></p>

<p>Anstand der Aufständigen Ausgerechnet der Chef einer rechten Siedlerpartei führt die bunteste Koalition in der Geschichte Israels an. Zenith, 12/2021 Der Unbestechliche Er bezeichnet seine Aufgabe als „heilig“:&#8230;</p>
