{"id":1884,"date":"2022-01-04T18:17:53","date_gmt":"2022-01-04T18:17:53","guid":{"rendered":"http:\/\/www.mareike-enghusen.de\/?page_id=1884"},"modified":"2025-04-29T10:05:24","modified_gmt":"2025-04-29T10:05:24","slug":"kommentare","status":"publish","type":"page","link":"http:\/\/www.mareike-enghusen.de\/?page_id=1884","title":{"rendered":"Kommentare"},"content":{"rendered":"<h3><strong> Die Proteste gegen die Hamas sind eine wichtige Botschaft <\/strong><\/h3>\n<p>Trotz brutaler Repressionen wagen sich in Gaza mutige Menschen auf die Stra\u00dfe \u2013 gegen die Hamas. Sie riskieren Folter und Tod, um klarzumachen: Nicht alle Pal\u00e4stinenser unterst\u00fctzen Terror und Islamismus. Ihr Protest sendet eine eindringliche Botschaft \u2013 auch an verblendete Aktivisten im Westen.<br \/>\n<a href=\"https:\/\/ga.de\/news\/politik\/ausland\/die-proteste-gegen-die-hamas-sind-eine-wichtige-botschaft_aid-125715101\" target=\"_blank\" rel=\"noopener noreferrer\">Bonner General-Anzeiger, 03\/2025<\/a><\/p>\n<h3><strong> Das Verst\u00e4ndnis fehlt <\/strong><\/h3>\n<p>Hassen ist menschlich, erst recht in Extremlagen wie dem Gazakrieg. Leider verst\u00e4rken Echokammern und Populisten auf beiden Seiten die Blindheit f\u00fcr das Leid der anderen.<br \/>\n<a href=\"https:\/\/ga.de\/news\/politik\/ausland\/gaza-krieg-das-verstaendnis-fehlt-kommentar_aid-113552065\" target=\"_blank\" rel=\"noopener noreferrer\">Bonner General-Anzeiger, 05\/2024<\/a><\/p>\n<h3><strong>Es geht ihnen nicht um die Pal\u00e4stinenser<\/strong><\/h3>\n<p>Vielen Herrschern in der arabischen Welt geht es in erster Linie um sich selbst \u2013 nicht um die Pal\u00e4stinenser. Auf deren Leid verweisen sie nur, insofern es ihnen dienlich ist.<br \/>\n<a href=\"https:\/\/www.tagesspiegel.de\/internationales\/ideologie-vor-menschenleben-unschuldige-als-menschliche-schutzschilde-10624654.html\" target=\"_blank\" rel=\"noopener noreferrer\">Der Tagesspiegel, 10\/2023<\/a><\/p>\n<h3><strong>Wer das rechtfertigt, hat intellektuell versagt<\/strong><\/h3>\n<p>Wer Kinder bei lebendigem Leib verbrennt, begeht Terror. Dass ein solcher Satz \u00fcberhaupt geschrieben werden muss, gibt einen Eindruck von den moralischen Untiefen, die die Debatte \u00fcber den Gazakrieg nun offenbart.<br \/>\n<a href=\"https:\/\/ga.de\/news\/politik\/ausland\/kommentar-zum-umgang-mit-palaestinensischem-terror_aid-100548929\" target=\"_blank\" rel=\"noopener noreferrer\">Bonner General-Anzeiger, 10\/2023<\/a><\/p>\n<h3><strong>Netanjahu stellt die Erhaltung seiner Macht \u00fcber alles<\/strong><\/h3>\n<p>Die Justizreform voranzutreiben im vollen Wissen um die Sch\u00e4den, die diese dem Staat Israel zuf\u00fcgt, ist ein zutiefst unzionistischer Akt.<br \/>\n<a href=\"https:\/\/www.tagesspiegel.de\/internationales\/umstrittene-justizreform-in-israel-netanjahu-stellt-die-erhaltung-seiner-macht-uber-alles-10203466.html\" target=\"_blank\" rel=\"noopener noreferrer\">Der Tagesspiegel, 07\/2023<\/a><\/p>\n<h3><strong>Ist Israel noch zu retten?<\/strong><\/h3>\n<p>Israel brennt: metaphorisch, oft auch buchst\u00e4blich. Zu den Kollateralsch\u00e4den der Krise geh\u00f6rt die Wirtschaft. K\u00f6nnte ein \u00e4rmeres, schw\u00e4cheres und weniger demokratisches Israel im Nahen Osten \u00fcberleben?<br \/>\n<a href=\"\/\/www.suedostschweiz.ch\/politik\/ist-israel-noch-zu-retten?check_logged_in=1\" target=\"_blank\" rel=\"noopener noreferrer\">S\u00fcdostschweiz, 07\/2023<\/a><\/p>\n<h3><strong>Netanjahu hat ausgedient<\/strong><\/h3>\n<p>Es gab eine Zeit, da h\u00e4tte Netanjahu sein politisches Gewicht einsetzen k\u00f6nnen, um die Spaltung der Gesellschaft zu lindern. Stattdessen hat er sie ausgenutzt.<br \/>\n<a href=\"https:\/\/www.tagesspiegel.de\/internationales\/mogliches-ende-von-israels-justizreform-netanjahu-hat-ausgedient-9567251.html\" target=\"_blank\" rel=\"noopener noreferrer\">Der Tagesspiegel, 03\/2023<\/a><\/p>\n<h3><strong>Terror l\u00e4sst sich nicht wegverhandeln<\/strong><\/h3>\n<p>Die Binsenweisheit, zuerst m\u00fcsse der Konflikt mit den Pal\u00e4stinensern gel\u00f6st werden, um den Terror zu besiegen, ist falsch: Keine L\u00f6sung, die Israel je anbieten k\u00f6nnte, w\u00fcrde die Forderungen der Radikalen erf\u00fcllen.<br \/>\n<a href=\"https:\/\/www.cicero.de\/aussenpolitik\/anschlagsserie-in-israel-terror-lasst-sich-nicht-wegverhandeln\" target=\"_blank\" rel=\"noopener noreferrer\">Cicero, 04\/2022<\/a><\/p>\n<h3><strong>Nicht seri\u00f6s, sondern politischer Aktivismus<\/strong><\/h3>\n<p>Amnesty International wirft Israel Apartheid vor. Der Report, der das begr\u00fcnden soll, enth\u00e4lt Fehler, \u00dcbertreibungen und schlichte Schwarz-Wei\u00df-Logik. So sieht kein seri\u00f6ser Bericht aus, sondern politischer Aktivismus.<br \/>\n<a href=\"https:\/\/www.tagesspiegel.de\/politik\/amnestys-israel-bericht-nicht-serioes-sondern-politischer-aktivismus\/28028820.html\" target=\"_blank\" rel=\"noopener noreferrer\">Der Tagesspiegel, 02\/2022<\/a><\/p>\n<h3><strong>Die arabische Normalit\u00e4t passt oft nicht zu deutschen Geboten<\/strong><\/h3>\n<p>Nicht nur Medien wie die Deutsche Welle haben im Nahen Osten Probleme mit den Gesinnungen lokaler Organisationen. Das zeigt die Grenzen wertebasierter Au\u00dfenpolitik.<br \/>\n<a href=\"https:\/\/www.tagesspiegel.de\/politik\/die-deutsche-welle-und-ihre-israelfeindlichen-partner-die-arabische-normalitaet-passt-oft-nicht-zu-deutschen-geboten\/27907422.html\" target=\"_blank\" rel=\"noopener noreferrer\">Der Tagesspiegel, 12\/2021<\/a><\/p>\n<h3><strong>Angriff auf den Warner <\/strong><\/h3>\n<p>Muslimen wie Ahmad Mansour, die sich gegen Islamismus engagieren, wird eine N\u00e4he zum Rechtsextremismus unterstellt. Ein absurder wie b\u00f6sartiger Vorwurf.<br \/>\n<a href=\"https:\/\/www.cicero.de\/innenpolitik\/debattenkultur-angriff-auf-den-warner\" target=\"_blank\" rel=\"noopener noreferrer\">Cicero, 11\/2021<\/a><\/p>\n<h3><strong> Das Versprechen auf diese Koalition ist ein heilsames Signal <\/strong><\/h3>\n<p>Israels Oppositionsf\u00fchrer ist es gelungen, eine j\u00fcdisch-arabische Koalition zu schmieden. Das ist schon jetzt ein heilsames Signal.<br \/>\n<a href=\"https:\/\/www.stuttgarter-zeitung.de\/inhalt.regierungsbildung-in-israel-das-versprechen-auf-diese-koalition-ist-ein-heilsames-signal.5da0547c-28e7-45b1-9e2a-de5f7ddbff01.html?reduced=true\" target=\"_blank\" rel=\"noopener noreferrer\">Stuttgarter Zeitung, 06\/2021<\/a><\/p>\n<h3><strong>Retten statt reden!<\/strong><\/h3>\n<p>Die Bundesregierung will mehr Verantwortung in der Welt \u00fcbernehmen, ohne Soldaten zu schicken. Im Irak k\u00f6nnte sie beide Ziele vereinen. Sie sollte es endlich tun.<br \/>\n<a href=\"https:\/\/www.stern.de\/politik\/deutschland\/deutschlands-rolle-im-irak-retten-statt-reden--3629060.html\" target=\"_blank\" rel=\"noopener noreferrer\">Stern.de, 08\/2014<\/a><\/p>\n<p><strong>Weitere Artikel finden Sie auf <a href=\"https:\/\/www.torial.com\/mareike.enghusen\" target=\"_blank\" rel=\"noopener noreferrer\">Torial<\/a>.<\/strong><\/p>\n","protected":false},"excerpt":{"rendered":"<p>Die Proteste gegen die Hamas sind eine wichtige Botschaft Trotz brutaler Repressionen wagen sich in Gaza mutige Menschen auf die Stra\u00dfe \u2013 gegen die Hamas. Sie riskieren Folter&#8230;<\/p>\n","protected":false},"author":1,"featured_media":0,"parent":0,"menu_order":0,"comment_status":"closed","ping_status":"closed","template":"","meta":{"footnotes":"","_links_to":"","_links_to_target":""},"class_list":["post-1884","page","type-page","status-publish","hentry"],"_links":{"self":[{"href":"http:\/\/www.mareike-enghusen.de\/index.php?rest_route=\/wp\/v2\/pages\/1884"}],"collection":[{"href":"http:\/\/www.mareike-enghusen.de\/index.php?rest_route=\/wp\/v2\/pages"}],"about":[{"href":"http:\/\/www.mareike-enghusen.de\/index.php?rest_route=\/wp\/v2\/types\/page"}],"author":[{"embeddable":true,"href":"http:\/\/www.mareike-enghusen.de\/index.php?rest_route=\/wp\/v2\/users\/1"}],"replies":[{"embeddable":true,"href":"http:\/\/www.mareike-enghusen.de\/index.php?rest_route=%2Fwp%2Fv2%2Fcomments&post=1884"}],"version-history":[{"count":34,"href":"http:\/\/www.mareike-enghusen.de\/index.php?rest_route=\/wp\/v2\/pages\/1884\/revisions"}],"predecessor-version":[{"id":2611,"href":"http:\/\/www.mareike-enghusen.de\/index.php?rest_route=\/wp\/v2\/pages\/1884\/revisions\/2611"}],"wp:attachment":[{"href":"http:\/\/www.mareike-enghusen.de\/index.php?rest_route=%2Fwp%2Fv2%2Fmedia&parent=1884"}],"curies":[{"name":"wp","href":"https:\/\/api.w.org\/{rel}","templated":true}]}}

<h3><strong> Die Proteste gegen die Hamas sind eine wichtige Botschaft </strong></h3>
<p>Trotz brutaler Repressionen wagen sich in Gaza mutige Menschen auf die Straße – gegen die Hamas. Sie riskieren Folter und Tod, um klarzumachen: Nicht alle Palästinenser unterstützen Terror und Islamismus. Ihr Protest sendet eine eindringliche Botschaft – auch an verblendete Aktivisten im Westen.<br />
<a href="https://ga.de/news/politik/ausland/die-proteste-gegen-die-hamas-sind-eine-wichtige-botschaft_aid-125715101" target="_blank" rel="noopener noreferrer">Bonner General-Anzeiger, 03/2025</a></p>
<h3><strong> Das Verständnis fehlt </strong></h3>
<p>Hassen ist menschlich, erst recht in Extremlagen wie dem Gazakrieg. Leider verstärken Echokammern und Populisten auf beiden Seiten die Blindheit für das Leid der anderen.<br />
<a href="https://ga.de/news/politik/ausland/gaza-krieg-das-verstaendnis-fehlt-kommentar_aid-113552065" target="_blank" rel="noopener noreferrer">Bonner General-Anzeiger, 05/2024</a></p>
<h3><strong>Es geht ihnen nicht um die Palästinenser</strong></h3>
<p>Vielen Herrschern in der arabischen Welt geht es in erster Linie um sich selbst – nicht um die Palästinenser. Auf deren Leid verweisen sie nur, insofern es ihnen dienlich ist.<br />
<a href="https://www.tagesspiegel.de/internationales/ideologie-vor-menschenleben-unschuldige-als-menschliche-schutzschilde-10624654.html" target="_blank" rel="noopener noreferrer">Der Tagesspiegel, 10/2023</a></p>
<h3><strong>Wer das rechtfertigt, hat intellektuell versagt</strong></h3>
<p>Wer Kinder bei lebendigem Leib verbrennt, begeht Terror. Dass ein solcher Satz überhaupt geschrieben werden muss, gibt einen Eindruck von den moralischen Untiefen, die die Debatte über den Gazakrieg nun offenbart.<br />
<a href="https://ga.de/news/politik/ausland/kommentar-zum-umgang-mit-palaestinensischem-terror_aid-100548929" target="_blank" rel="noopener noreferrer">Bonner General-Anzeiger, 10/2023</a></p>
<h3><strong>Netanjahu stellt die Erhaltung seiner Macht über alles</strong></h3>
<p>Die Justizreform voranzutreiben im vollen Wissen um die Schäden, die diese dem Staat Israel zufügt, ist ein zutiefst unzionistischer Akt.<br />
<a href="https://www.tagesspiegel.de/internationales/umstrittene-justizreform-in-israel-netanjahu-stellt-die-erhaltung-seiner-macht-uber-alles-10203466.html" target="_blank" rel="noopener noreferrer">Der Tagesspiegel, 07/2023</a></p>
<h3><strong>Ist Israel noch zu retten?</strong></h3>
<p>Israel brennt: metaphorisch, oft auch buchstäblich. Zu den Kollateralschäden der Krise gehört die Wirtschaft. Könnte ein ärmeres, schwächeres und weniger demokratisches Israel im Nahen Osten überleben?<br />
<a href="//www.suedostschweiz.ch/politik/ist-israel-noch-zu-retten?check_logged_in=1" target="_blank" rel="noopener noreferrer">Südostschweiz, 07/2023</a></p>
<h3><strong>Netanjahu hat ausgedient</strong></h3>
<p>Es gab eine Zeit, da hätte Netanjahu sein politisches Gewicht einsetzen können, um die Spaltung der Gesellschaft zu lindern. Stattdessen hat er sie ausgenutzt.<br />
<a href="https://www.tagesspiegel.de/internationales/mogliches-ende-von-israels-justizreform-netanjahu-hat-ausgedient-9567251.html" target="_blank" rel="noopener noreferrer">Der Tagesspiegel, 03/2023</a></p>
<h3><strong>Terror lässt sich nicht wegverhandeln</strong></h3>
<p>Die Binsenweisheit, zuerst müsse der Konflikt mit den Palästinensern gelöst werden, um den Terror zu besiegen, ist falsch: Keine Lösung, die Israel je anbieten könnte, würde die Forderungen der Radikalen erfüllen.<br />
<a href="https://www.cicero.de/aussenpolitik/anschlagsserie-in-israel-terror-lasst-sich-nicht-wegverhandeln" target="_blank" rel="noopener noreferrer">Cicero, 04/2022</a></p>
<h3><strong>Nicht seriös, sondern politischer Aktivismus</strong></h3>
<p>Amnesty International wirft Israel Apartheid vor. Der Report, der das begründen soll, enthält Fehler, Übertreibungen und schlichte Schwarz-Weiß-Logik. So sieht kein seriöser Bericht aus, sondern politischer Aktivismus.<br />
<a href="https://www.tagesspiegel.de/politik/amnestys-israel-bericht-nicht-serioes-sondern-politischer-aktivismus/28028820.html" target="_blank" rel="noopener noreferrer">Der Tagesspiegel, 02/2022</a></p>
<h3><strong>Die arabische Normalität passt oft nicht zu deutschen Geboten</strong></h3>
<p>Nicht nur Medien wie die Deutsche Welle haben im Nahen Osten Probleme mit den Gesinnungen lokaler Organisationen. Das zeigt die Grenzen wertebasierter Außenpolitik.<br />
<a href="https://www.tagesspiegel.de/politik/die-deutsche-welle-und-ihre-israelfeindlichen-partner-die-arabische-normalitaet-passt-oft-nicht-zu-deutschen-geboten/27907422.html" target="_blank" rel="noopener noreferrer">Der Tagesspiegel, 12/2021</a></p>
<h3><strong>Angriff auf den Warner </strong></h3>
<p>Muslimen wie Ahmad Mansour, die sich gegen Islamismus engagieren, wird eine Nähe zum Rechtsextremismus unterstellt. Ein absurder wie bösartiger Vorwurf.<br />
<a href="https://www.cicero.de/innenpolitik/debattenkultur-angriff-auf-den-warner" target="_blank" rel="noopener noreferrer">Cicero, 11/2021</a></p>
<h3><strong> Das Versprechen auf diese Koalition ist ein heilsames Signal </strong></h3>
<p>Israels Oppositionsführer ist es gelungen, eine jüdisch-arabische Koalition zu schmieden. Das ist schon jetzt ein heilsames Signal.<br />
<a href="https://www.stuttgarter-zeitung.de/inhalt.regierungsbildung-in-israel-das-versprechen-auf-diese-koalition-ist-ein-heilsames-signal.5da0547c-28e7-45b1-9e2a-de5f7ddbff01.html?reduced=true" target="_blank" rel="noopener noreferrer">Stuttgarter Zeitung, 06/2021</a></p>
<h3><strong>Retten statt reden!</strong></h3>
<p>Die Bundesregierung will mehr Verantwortung in der Welt übernehmen, ohne Soldaten zu schicken. Im Irak könnte sie beide Ziele vereinen. Sie sollte es endlich tun.<br />
<a href="https://www.stern.de/politik/deutschland/deutschlands-rolle-im-irak-retten-statt-reden--3629060.html" target="_blank" rel="noopener noreferrer">Stern.de, 08/2014</a></p>
<p><strong>Weitere Artikel finden Sie auf <a href="https://www.torial.com/mareike.enghusen" target="_blank" rel="noopener noreferrer">Torial</a>.</strong></p>

<p>Die Proteste gegen die Hamas sind eine wichtige Botschaft Trotz brutaler Repressionen wagen sich in Gaza mutige Menschen auf die Straße – gegen die Hamas. Sie riskieren Folter&#8230;</p>
