{"id":1879,"date":"2022-01-04T18:17:11","date_gmt":"2022-01-04T18:17:11","guid":{"rendered":"http:\/\/www.mareike-enghusen.de\/?page_id=1879"},"modified":"2024-07-25T08:56:49","modified_gmt":"2024-07-25T08:56:49","slug":"reportagen","status":"publish","type":"page","link":"http:\/\/www.mareike-enghusen.de\/?page_id=1879","title":{"rendered":"Reports &#038; Reportagen"},"content":{"rendered":"<h3><strong>Das israelische Trauma des 7. Oktobers<\/strong><\/h3>\n<p class=\"lead\">\u201eIch habe mich so sicher gef\u00fchlt\u201c, sagt Adele Raemer, die 48 Jahre im Kibbuz Nirim lebte. \u201eIch habe der Armee bedingungslos vertraut. Ich habe mich geirrt.\u201c<br \/>\n<a href=\"https:\/\/www.tagesspiegel.de\/gesellschaft\/das-israelische-trauma-es-gibt-hier-kein-haus-in-dem-nicht-getrauert-wird-10698304.html\" target=\"_blank\" rel=\"noopener\">Der Tagesspiegel, 10\/2023<\/a><\/p>\n<h3><strong>Zu Hause in Gefahr, in Israel nur geduldet<\/strong><\/h3>\n<p>Sein Vater will ihn umbringen, denn er liebt einen Mann. Die Flucht nach Israel rettet Rami Ayad \u2013 doch bedroht wird er hier weiterhin.<br \/>\n<a href=\"https:\/\/plus.tagesspiegel.de\/gesellschaft\/zu-hause-in-gefahr-in-israel-nur-geduldet-queere-palastinenser-und-ihr-leben-im-einstigen-feindesland-370603.html\" target=\"_blank\" rel=\"noopener noreferrer\">Der Tagesspiegel, 01\/2022<\/a><\/p>\n<h3><strong>Die ewige Frage um Schuld und S\u00fchne<\/strong><\/h3>\n<p>Pal\u00e4stinenser und Israelis bek\u00e4mpfen sich so heftig wie seit Jahren nicht. Und diesmal dehnt sich der Konflikt auch auf die gemischten j\u00fcdisch-arabischen St\u00e4dte aus.<br \/>\n<a href=\"https:\/\/www.focus.de\/magazin\/archiv\/politik-der-nahost-konflikt-und-die-ewige-frage-um-schuld-und-suehne_id_13318723.html\" target=\"_blank\" rel=\"noopener noreferrer\">Focus, 05\/2021<\/a><\/p>\n<h3><strong>Am Rand<\/strong><\/h3>\n<p>Geht es nach US-Pr\u00e4sident Trump, soll Abu Dis k\u00fcnftig die Hauptstadt Pal\u00e4stinas sein. Was denken die Bewohner der Kleinstadt \u00f6stlich von Jerusalem dar\u00fcber?<br \/>\n<a href=\"https:\/\/www.zeit.de\/2020\/11\/abu-dis-palaestina-hauptstadt-jerusalem-donald-trump-nahost-konflikt\" target=\" _blank\" rel=\"noopener noreferrer\">Die Zeit, 03\/2020<\/a><\/p>\n<h3><strong>Viel hilft wenig<\/strong><\/h3>\n<p>Entwicklungshilfegelder sind nicht immer ein Segen \u2013 das zeigt sich nirgends deutlicher als in den Pal\u00e4stinensergebieten.<br \/>\n<a href=\"https:\/\/www.brandeins.de\/magazine\/brand-eins-wirtschaftsmagazin\/2019\/unabhaengigkeit\/entwicklungshilfe-viel-hilft-wenig\" target=\" _blank\" rel=\"noopener noreferrer\">Brandeins, 06\/2019<\/a><\/p>\n<h3><strong>Was soll aus den Kindern werden?<\/strong><\/h3>\n<p>\u00c4gyptens Bev\u00f6lkerungszahl explodiert, die Wirtschaft kommt nicht mit. Helfen k\u00f6nnten freie Frauen.<br \/>\n<a href=\"https:\/\/www.zeit.de\/2018\/13\/aegypten-bevoelkerungswachstum-foerderung-frauen\" target=\" _blank\" rel=\"noopener noreferrer\">Die Zeit, 03\/2018<\/a><\/p>\n<h3><strong>An die Tastatur!<\/strong><\/h3>\n<p>\u00c4gyptens Bev\u00f6lkerungszahl explodiert, die Wirtschaft kommt nicht mit. Helfen k\u00f6nnten freie Frauen.<br \/>\n<a href=\"https:\/\/www.brandeins.de\/magazine\/brand-eins-wirtschaftsmagazin\/2017\/mut\/an-die-tastatur\" target=\" _blank\" rel=\"noopener noreferrer\">Brandeins, 04\/2017<\/a><\/p>\n<h3><strong>Der Berg des Missverstehens<\/strong><\/h3>\n<p>Geh\u00f6rt der Tempelberg jetzt den Muslimen? Ein Unesco-Dokument legt das nahe.<br \/>\n<a href=\"https:\/\/www.zeit.de\/2016\/47\/tempelberg-jerusalem-muslime-juden-unesco\" target=\" _blank\" rel=\"noopener noreferrer\">Die Zeit, 11\/2016<\/a><\/p>\n<h3><strong>Wem geh\u00f6rt Jerusalem?<\/strong><\/h3>\n<p>Sie sind gleich alt, leben in derselben Stadt, besuchen beide die Uni. Doch f\u00fcr den Konflikt, der Avigayil und Hadil trennt, gibt es vielleicht keine L\u00f6sung.<br \/>\n<a href=\"https:\/\/www.zeit.de\/campus\/2015\/04\/jerusalem-studium-universitaet-nah-ost-konflikt\" target=\" _blank\" rel=\"noopener noreferrer\">Die Zeit, 08\/2015<\/a><\/p>\n<p><strong>Weitere Artikel finden Sie auf <a href=\"https:\/\/www.torial.com\/mareike.enghusen\" target=\"_blank\" rel=\"noopener noreferrer\">Torial<\/a>.<\/strong><\/p>\n","protected":false},"excerpt":{"rendered":"<p>Das israelische Trauma des 7. Oktobers \u201eIch habe mich so sicher gef\u00fchlt\u201c, sagt Adele Raemer, die 48 Jahre im Kibbuz Nirim lebte. \u201eIch habe der Armee bedingungslos vertraut&#8230;.<\/p>\n","protected":false},"author":1,"featured_media":0,"parent":0,"menu_order":0,"comment_status":"closed","ping_status":"closed","template":"","meta":{"footnotes":"","_links_to":"","_links_to_target":""},"class_list":["post-1879","page","type-page","status-publish","hentry"],"_links":{"self":[{"href":"http:\/\/www.mareike-enghusen.de\/index.php?rest_route=\/wp\/v2\/pages\/1879"}],"collection":[{"href":"http:\/\/www.mareike-enghusen.de\/index.php?rest_route=\/wp\/v2\/pages"}],"about":[{"href":"http:\/\/www.mareike-enghusen.de\/index.php?rest_route=\/wp\/v2\/types\/page"}],"author":[{"embeddable":true,"href":"http:\/\/www.mareike-enghusen.de\/index.php?rest_route=\/wp\/v2\/users\/1"}],"replies":[{"embeddable":true,"href":"http:\/\/www.mareike-enghusen.de\/index.php?rest_route=%2Fwp%2Fv2%2Fcomments&post=1879"}],"version-history":[{"count":9,"href":"http:\/\/www.mareike-enghusen.de\/index.php?rest_route=\/wp\/v2\/pages\/1879\/revisions"}],"predecessor-version":[{"id":2539,"href":"http:\/\/www.mareike-enghusen.de\/index.php?rest_route=\/wp\/v2\/pages\/1879\/revisions\/2539"}],"wp:attachment":[{"href":"http:\/\/www.mareike-enghusen.de\/index.php?rest_route=%2Fwp%2Fv2%2Fmedia&parent=1879"}],"curies":[{"name":"wp","href":"https:\/\/api.w.org\/{rel}","templated":true}]}}

<h3><strong>Das israelische Trauma des 7. Oktobers</strong></h3>
<p class="lead">„Ich habe mich so sicher gefühlt“, sagt Adele Raemer, die 48 Jahre im Kibbuz Nirim lebte. „Ich habe der Armee bedingungslos vertraut. Ich habe mich geirrt.“<br />
<a href="https://www.tagesspiegel.de/gesellschaft/das-israelische-trauma-es-gibt-hier-kein-haus-in-dem-nicht-getrauert-wird-10698304.html" target="_blank" rel="noopener">Der Tagesspiegel, 10/2023</a></p>
<h3><strong>Zu Hause in Gefahr, in Israel nur geduldet</strong></h3>
<p>Sein Vater will ihn umbringen, denn er liebt einen Mann. Die Flucht nach Israel rettet Rami Ayad – doch bedroht wird er hier weiterhin.<br />
<a href="https://plus.tagesspiegel.de/gesellschaft/zu-hause-in-gefahr-in-israel-nur-geduldet-queere-palastinenser-und-ihr-leben-im-einstigen-feindesland-370603.html" target="_blank" rel="noopener noreferrer">Der Tagesspiegel, 01/2022</a></p>
<h3><strong>Die ewige Frage um Schuld und Sühne</strong></h3>
<p>Palästinenser und Israelis bekämpfen sich so heftig wie seit Jahren nicht. Und diesmal dehnt sich der Konflikt auch auf die gemischten jüdisch-arabischen Städte aus.<br />
<a href="https://www.focus.de/magazin/archiv/politik-der-nahost-konflikt-und-die-ewige-frage-um-schuld-und-suehne_id_13318723.html" target="_blank" rel="noopener noreferrer">Focus, 05/2021</a></p>
<h3><strong>Am Rand</strong></h3>
<p>Geht es nach US-Präsident Trump, soll Abu Dis künftig die Hauptstadt Palästinas sein. Was denken die Bewohner der Kleinstadt östlich von Jerusalem darüber?<br />
<a href="https://www.zeit.de/2020/11/abu-dis-palaestina-hauptstadt-jerusalem-donald-trump-nahost-konflikt" target=" _blank" rel="noopener noreferrer">Die Zeit, 03/2020</a></p>
<h3><strong>Viel hilft wenig</strong></h3>
<p>Entwicklungshilfegelder sind nicht immer ein Segen – das zeigt sich nirgends deutlicher als in den Palästinensergebieten.<br />
<a href="https://www.brandeins.de/magazine/brand-eins-wirtschaftsmagazin/2019/unabhaengigkeit/entwicklungshilfe-viel-hilft-wenig" target=" _blank" rel="noopener noreferrer">Brandeins, 06/2019</a></p>
<h3><strong>Was soll aus den Kindern werden?</strong></h3>
<p>Ägyptens Bevölkerungszahl explodiert, die Wirtschaft kommt nicht mit. Helfen könnten freie Frauen.<br />
<a href="https://www.zeit.de/2018/13/aegypten-bevoelkerungswachstum-foerderung-frauen" target=" _blank" rel="noopener noreferrer">Die Zeit, 03/2018</a></p>
<h3><strong>An die Tastatur!</strong></h3>
<p>Ägyptens Bevölkerungszahl explodiert, die Wirtschaft kommt nicht mit. Helfen könnten freie Frauen.<br />
<a href="https://www.brandeins.de/magazine/brand-eins-wirtschaftsmagazin/2017/mut/an-die-tastatur" target=" _blank" rel="noopener noreferrer">Brandeins, 04/2017</a></p>
<h3><strong>Der Berg des Missverstehens</strong></h3>
<p>Gehört der Tempelberg jetzt den Muslimen? Ein Unesco-Dokument legt das nahe.<br />
<a href="https://www.zeit.de/2016/47/tempelberg-jerusalem-muslime-juden-unesco" target=" _blank" rel="noopener noreferrer">Die Zeit, 11/2016</a></p>
<h3><strong>Wem gehört Jerusalem?</strong></h3>
<p>Sie sind gleich alt, leben in derselben Stadt, besuchen beide die Uni. Doch für den Konflikt, der Avigayil und Hadil trennt, gibt es vielleicht keine Lösung.<br />
<a href="https://www.zeit.de/campus/2015/04/jerusalem-studium-universitaet-nah-ost-konflikt" target=" _blank" rel="noopener noreferrer">Die Zeit, 08/2015</a></p>
<p><strong>Weitere Artikel finden Sie auf <a href="https://www.torial.com/mareike.enghusen" target="_blank" rel="noopener noreferrer">Torial</a>.</strong></p>

<p>Das israelische Trauma des 7. Oktobers „Ich habe mich so sicher gefühlt“, sagt Adele Raemer, die 48 Jahre im Kibbuz Nirim lebte. „Ich habe der Armee bedingungslos vertraut&#8230;.</p>
